0) - 1?
3
Evaluate (-10 - -7) + 3 + 0.
0
Evaluate 0 + (5 + 2 + -10 - 5).
-8
What is the value of 1 + 0 - (0 + -8 + 7)?
2
What is the value of -3 + 3 - (-1 - 3)?
4
Calculate 3 + 4 + 0 + 1 - 4.
4
Evaluate 9 - (-13 - -30) - (1 - 8).
-1
What is (1 - 5 - (-2 + 1)) + -2?
-5
-12 + 10 - (18 - 27)
7
1 + (1 - (-3 + 6))
-1
What is the value of 4 + -7 - (-1 + -1) - -3?
2
What is 13 + -4 + -9 - (0 - -6)?
-6
Calculate (6 - 3) + -4 - 0.
-1
-11 + 4 + 5 + -3
-5
Evaluate 2 + 5 + (5 - 7).
5
What is 5 + -9 + -3 - -4?
-3
Calculate (0 - 5) + (13 - 7).
1
Calculate (1 - (-4 + 10)) + 0.
-5
What is 0 + 3 - (-32 + 37)?
-2
Calculate 12 + 1 + -7 + -10.
-4
Evaluate (5 + 1 - (21 + -27)) + -6.
6
What is the value of 6 + -10 - (3 + -4 - 3)?
0
What is the value of 1 + (2 - (8 + 0))?
-5
Calculate -12 + 2 + 4 + 1 + -2.
-7
What is -2 + (-7 - -3) + 8 - 0?
2
Evaluate -2 - ((-8 - -4) + 4).
-2
Evaluate (-9 - -4) + 6 + -2 - 2.
-3
What is the value of -6 + 6 + -4 + 3?
-1
-4 - ((4 - 10) + 4 + -2)
0
What is 3 + -7 - (4 - 13)?
5
What is the value of (2 - -1) + -1 + 0 + 0?
2
What is the value of 12 + 10 + -18 + -6?
-2
What is -7 - -2 - -2 - (-68 + 70)?
-5
What is -4 + (10 - 0) + -5?
1
(4 - (8 - 0)) + 3
-1
5 + -1 + (-1 - -1)
4
What is 3 + 4 + -13 + 5 - 0?
-1
What is the value of 4 - (-8 + 2 - (10 - 15))?
5
Calculate 5 + (-5 - -1 - (-13 - -15)).
-1
What is the value of 5 - (3 + -3 + 3 + -4)?
6
Calculate -2 - 4 - (-2 + -13 + 15).
-6
Evaluate 17 - (18 - 1 - 5).
5
What is 0 - (-4 - -3) - 1?
0
Evaluate -16 - -12 - (-5 - 1).
2
What is -1 + -2 + (0 - -1)?
-2
What is 3 + -1 + (5 - 2)?
5
0 + -1 - (31 - 24)
-8
Evaluate -7 + 1 + 3 - -7.
4
What is -1 - (1 + 0) - (-87 + 86)?
-1
What is (0 - 2 - -4) + (-2 - 2)?
-2
(-3 - -5) + 0 + -1 + 0
1
-7 - (-7 + 2) - 1 - -6
3
Calculate 0 + 3 + 3 + -6.
0
What is -69 - -63 - (-12 + 0)?
6
-3 + 6 - 3 - (3 - -1)
-4
Evaluate -3 - -4 - (0 + 4 - 2).
-1
0 + -4 - (3 + -2)
-5
What is the value of -5 + -6 + 8 - -6?
3
What is 0 - -2 - (-7 - (-8 + 0))?
1
What is 0 - ((9 - 10) + (-6 - 1))?
8
Evaluate 1 + 1 + 0 - 4.
-2
What is 7 + -15 + 0 + 5?
-3
22 + -9 + 0 - 4
9
Calculate -10 + 4 - -9 - 1.
2
1 + -2 + -60 + 62 - 4
-3
Calculate -5 + 7 - (-3 - (-6 + 3)).
2
Calculate 0 - (-3 + 2 - 7).
8
Calculate -7 + (-7 + 6 - (1 - -1)).
-10
Evaluate -6 + 2 + 6 + (-2 - 1).
-1
Calculate -2 + 0 - 0 - 1.
-3
Evaluate 1 + (41 - 47) + -1 + 3.
-3
What is the value of 6 + -1 + (-3 - (3 - 3))?
2
What is 6 - (-9 + 8 - (1 + -5))?
3
What is -1 + 4 - 2 - (6 + 0)?
-5
What is 0 + (9 - 2 - (12 - -2))?
-7
What is the value of -14 + (5 - 8) + 12?
-5
Calculate (-5 - -1) + 5 + (5 - 6).
0
What is (3 - -5) + -7 + 1 - 1?
1
What is -25 - -25 - (-1 + -1 + 2)?
0
-3 - (3 + (-3 + 1 - -2))
-6
What is -1 - (-2 + -4 + 4)?
1
What is -7 + 7 + (-3 + -1 - -1)?
-3
What is 1 - (-3 - -3) - 2?
-1
Calculate 1 + (-1 - 1) - (-96 - -98).
-3
What is the value of 0 + 3 + (-4 - -1 - 0)?
0
Calculate 36 - 42 - (-1 - (1 - 0)).
-4
Evaluate -5 - -1 - (-2 + 2).
-4
What is the value of -1 - 5 - (-13 - (-17 - 1))?
-11
Calculate 3 - ((-6 - (0 + -1)) + 6).
2
Evaluate 0 - (-48 - -45 - (-5 - 0)).
-2
Calculate 1 - (2 - 3) - (-9 + 10).
1
What is -2 - (1 - 8) - (32 - 23)?
-4
Evaluate 1 + -12 + 5 + 2 + 2.
-2
What is the value of (4 - 2) + -3 - (0 + -2)?
1
What is (1 - 0) + (9 + -14 - 0)?
-4
What is the value of 4 - (3 + 4 + 0)?
-3
What is the value of (0 - -3) + (1 - 4 - 2)?
-2
What is -2 - (3 - 2) - (-6 + 7)?
-4
Calculate 0 + 1 + 166 + -170.
-3
What is (-1 - 0) + (-23 - -35)?
11
Calculate 1 + (-25 - -19 - (-1 - 4)).
0
Evaluate 1 + -2 + (0 - 1).
-2
What is the value of -9 - (-1 + -6 + 1 + 3)?
-6
Calculate 5 + -5 + -4 + (-1 - -1).
-4
3 + 0 - 6 - -2
-1
32 - 40 - (-1 - 4)
-3
Calculate 8 + -2 + (0 - 1).
5
Evaluate -4 + 4 + -4 - -4.
0
What is the value of 6 - 9 - (-2 + 2 + -7)?
4
(19 - (14 - -12)) + (1 - 1)
-7
What is the value of -21 - -15 - (0 + 3 + -5)?
-4
Calculate -6 + (12 + -13 - -11).
4
What is the value of 2 + (3 - (0 + (9 - 3)))?
-1
Evaluate -11 + 15 + -5 + 2 - 7.
-6
What is -56 + 47 - (-6 + 2)?
-5
What is the value of 55 + -50 + (-10 - 1)?
-6
Calculate -9 - ((-5 - 2) + -8).
6
Calculate 5 + -10 - (2 - 3).
-4
3 - (2 + -5 - -3)
3
What is 10 + -8 + -2 - (-2 + 9)?
-7
What is -6 - (1 + -8 + 2)?
-1
What is -8 + 11 - (2 + 0 - -2)?
-1
Calculate -5 - (-5 + 9) - -4.
-5
What is (-3 - -1 - 0) + 0?
-2
(1 - 4) + (2 - 0) - 3
-4
Evaluate 1 - (7 - 4) - (1 + -1).
-2
1 + 2 + 11 + -15
-1
Calculate -13 - (10 - 16) - -5.
-2
What is the value of -3 - (0 + 4 + -6)?
-1
Calculate -1 + (-6 + 4 - 0) - 1.
-4
Calculate (-5 - (-4 - -2)) + (25 - 25).
-3
Calculate (-5 - (-3 + 4)) + (-2 - -4).
-4
What is 3 - ((-11 - -16) + (-3 - 1))?
2
2 + (-11 - -15) + (-1 - 3)
2
What is the value of (-4 - -4) + 2 + 1?
3
What is the value of (10 - 15) + 9 - -4?
8
Evaluate -1 + 1 - (24 + -26).
2
What is the value of 4 + (0 - 3) + (3 - 7)?
-3
Evaluate 4 - 8 - 2 - (2 - 4).
-4
What is the value of (-11 - (-11 - 1)) + -2?
-1
What is (-7 - -6) + 2 + 3?
4
What is -2 + 2 + 10 - 6?
4
-3 + (-1 - (-4 + 4))
-4
Evaluate 3 - 6 - (4 - 6).
-1
What is (-1 - (-9 + 5)) + 2 + 1?
6
Evaluate (1 - (-2 + 5)) + 6.
4
-7 - ((-9 - -17) + -11)
-4
Calculate -1 + (0 - 0) + 8 + -12.
-5
Calculate 14 + -35 - (2 + -13).
-10
Calculate -2 - (-6 - (-12 - -5)).
-3
(-3 - -7 - -1) + (-11 - -6)
0
10 - (2 + 1 - -7 - 4)
4
What is the value of -6 - (-4 + 0 + (-25 - -22))?
1
What is (-4 - 2 - 0) + 9?
3
What is 2 - 2 - -1 - -2?
3
What is 5 - (-1 + (-1 - -1) - -5)?
1
What is 2 + 6 - (-35 - -39)?
4
-5 - (4 - (1 - -2))
-6
-6 + 3 + (4 - 4) + 0
-3
-2 + (2 + -1 - -5) + 0
4
What is the value of -8 - -9 - ((-3 - -2) + 3)?
-1
Calculate 4 + -7 + 1 + -5 + -3.
-10
What is 6 + 1 - (18 - 17 - -11)?
-5
-1 - -9 - (-63 + 73)
-2
Evaluate -4 - 11 - (-35 + 31).
-11
Evaluate 0 - ((4 - 0) + -4).
0
Calculate 9 + (-11 - -16) + -14.
0
Evaluate (0 - ((1 - 0) + 1)) + 3.
1
What is the value of 5 + -4 + (-3 - 1) + 6?
3
What is the value of -1 + (1 - -2) - (-1 - 2)?
5
Calculate 0 - (2 + 0 + -1).
-1
(1 - -1 - 9) + (5 - 3)
-5
3 - 8 - (-3 - 3 - 3)
4
Calculate 0 - 1 - -5 - 3.
1
What is 4 - (-11 + 2 + 4)?
9
44 + -42 + (0 - 7)
-5
-3 + (8 - (2 + 6))
-3
Calculate -1 + -3 + 5 + -10 + 2.
-7
What is 0 - (-3 + -4 + 9)?
-2
Calculate 2 + 1 + (-1 - 4).
-2
Evaluate -6 - ((-9 - -2) + 22 + -16).
-5
What is the value of (-13 + 6 - -5 - -5) + 1?
4
6 + (-1 - 6) + -1
-2
-7 + -5 + (11 - 7) + 2
-6
Evaluate 5 + -2 - (8 - (3 - 1)).
-3
What is 7 - (-12 + (-8 - -28))?
-1
What is the value of 2 - (-1 + -3) - 0?
6
What is the value of 3 + -8 + -2 + 10?
3
Calculate 1 - -2 - (-9 - -7 - -11).
-6
What is (-2 - (5 - 4)) + 7?
4
What is -6 - (-4 + -8 + 5)?
1
Evaluate -9 - -8 - (2 + -4) - 7.
-6
Calculate (12 + -4 - 3) + -3 - 8.
-6
What is -10 + -6 + (21 - 7)?
-2
(8 - 11) + 6 + -9
-6
Evaluate (-7 - 0) + 10 - 11.
-8
Calculate -1 + 1 + 0 - (-1 - -1).
0
Calculate (-15 - -6) + 1 + 2.
-6
1 + (-7 - (-3 + -1))
-2
Evaluate 0 + -10 + 4 + 6.
0
What is the value of (4 - 20) + 22 + -12 + -1?
-7
What is the value of (-8 - (-8 + 4)) + (3 - -2)?
1
What is (3 - (0 + 6)) + -1?
-4
Calculate -10 - (0 + 2 + -10).
-2
(4 - 7) + (4 - 0) - 6
-5
Calculate 7 + -7 + 3 + -8.
-5
3 - (-4 + 0) - (7 + 1)
-1
What is the value of 3 + -5 + 2 + (12 - 15)?
-3
What is (2 - -5) + -15 + -4 + 4?
-8
What is (-6 - -1 - 0) + 5?
0
Calculate (-7 - -3) + 9 + 1 + 1.
7
Calculate 0 - -4 - (4 - (-2 - -2)).
0
8 + (2 + -7 - -2)
5
Evaluate -29 + 32 + 0 + -2.
1
Evaluate (2 - 7 - -1) + 2 - -1.
-1
What is the value of -1 + 2 + (9 - 6) + 0?
4
Calculate (3 - (7 - 3)) + 2 + 3.
4
Evaluate -8 - (-14 - -8) - -5.
3
What is the value of -4 + 0 + (8 + 3 - 3)?
4
Evaluate (-8 - -4) + 3 - (-1 + 1).
-1
What is -1 - 16 - (-10 - 0)?
-7
What is -7 + 12 + 1 + -5?
1
-6 + (-4 + 10 - 0) + 6
6
What is the value of (1 - -6) + -1 + -2 + -1?
3
What is the value of (9 - 4) + 4 + 11 + -14?
6
Evaluate (-2 - (-5 + 4 - 4)) + 3.
6
Calculate 23 + -33 - (-13 - -2).
1
-1 + (4 + 0 - 0) - 6
-3
What is -3 + -7 - (4 + -17)?
3
What is the value of 4 - 16 - (-14 + 1)?
1
What is the value of -727 - -722 - ((-1 - 5) + 0)?
1
What is -3 - -3 - (-2 - (-1 - -1))?
2
Calculate 2 + (-1 - ((2 - -5) + 0)).
-6
What is the value of -6 + 2 + 7 - (3 + 3)?
-3
What is the value of -1 - -1 - (-6 + 7 + 0)?
-1
Evaluate (6 - 4) + -6 + 6.
2
Evaluate (-19 - -8) + (24 - 16).
-3
4 + -7 - -11 - 8
0
Evaluate 0 - (-6 - (4 + (6 - 10))).
